 -1011110?
10110110
In base 13, what is -2 - -10c3?
10c1
In base 9, what is 137 + 36?
174
In base 10, what is 18 + -496?
-478
In base 3, what is 211220012022 + 12?
211220012111
In base 10, what is 125210 + -1?
125209
In base 14, what is -86 + -148a?
-1532
In base 15, what is 39 + -726?
-6dc
In base 13, what is -167 - 16?
-180
In base 6, what is 5 + -54025?
-54020
In base 12, what is -33 + 9b3?
980
In base 3, what is 1011120 - -10?
1011200
In base 14, what is -108d + -3d?
-10cc
In base 12, what is -53 + -1126?
-1179
In base 5, what is 2 + 14413103?
14413110
In base 16, what is -f00 + 2?
-efe
In base 16, what is -16fda - 4?
-16fde
In base 10, what is -1 - 27181?
-27182
In base 9, what is 1 + -135124?
-135123
In base 12, what is -4 - -164461?
164459
In base 8, what is 167 + -51054?
-50665
In base 7, what is -432 + -1631?
-2363
In base 7, what is -35505566 + -3?
-35505602
In base 11, what is 565 - -2a6?
860
In base 10, what is 6035 - 5?
6030
In base 7, what is -236354 + -1?
-236355
In base 5, what is 0 + 224321?
224321
In base 10, what is 5 + 10313?
10318
In base 9, what is 25 + -80834?
-80808
In base 2, what is 10100111001 + 10001011?
10111000100
In base 13, what is -183a8 - 5?
-183b0
In base 12, what is 1063 - 12?
1051
In base 10, what is 42 - -16440?
16482
In base 14, what is -4 + -5385a?
-53860
In base 2, what is -11111000 - 11001100101110?
-11010000100110
In base 10, what is -34 + 9663?
9629
In base 16, what is 3a - 17e?
-144
In base 8, what is 55627 + 53?
55702
In base 13, what is -c273 - 5?
-c278
In base 16, what is 4 + 6d899?
6d89d
In base 16, what is -ff - 22?
-121
In base 2, what is -1111010111111010010 - 10?
-1111010111111010100
In base 13, what is -6c - -36?
-36
In base 12, what is 5 - -8615?
861a
In base 16, what is 188 + -e5?
a3
In base 3, what is 2202 + -20110112?
-20100210
In base 9, what is 44 + -1202?
-1147
In base 4, what is 13111033 - 10?
13111023
In base 10, what is -1 + 806427?
806426
In base 12, what is -168833 - 0?
-168833
In base 9, what is 21 - -215?
236
In base 4, what is 10331 + -101230?
-30233
In base 8, what is -173 - 15525?
-15720
In base 5, what is 12 + 10303?
10320
In base 2, what is -11 - 1100010111101?
-1100011000000
In base 10, what is 246736 - 1?
246735
In base 9, what is 3218837 - -2?
3218840
In base 13, what is -b7 - -c37?
b50
In base 16, what is -25 + -fb?
-120
In base 4, what is -13331 + 2303?
-11022
In base 2, what is -1010101010010 + 11?
-1010101001111
In base 5, what is -343433 + 12?
-343421
In base 9, what is 715 + 77?
803
In base 8, what is -1 + -10125?
-10126
In base 7, what is -5456 - -426?
-5030
In base 5, what is -100320 + -303?
-101123
In base 15, what is -2 - -305b7?
305b5
In base 12, what is 1856 + 3a2?
2038
In base 12, what is 17450a + 4?
174512
In base 3, what is -102010122 + -2012?
-102012211
In base 12, what is -80938 + 1?
-80937
In base 3, what is 1222012 + 1002120?
10001202
In base 16, what is -a40 + -2?
-a42
In base 15, what is -3 - -2ca64?
2ca61
In base 13, what is 145 - a5b?
-916
In base 8, what is 143 - 21374?
-21231
In base 12, what is 3 - -204a?
2051
In base 9, what is 120 - -2638?
2758
In base 6, what is -11 - -540122?
540111
In base 5, what is -2400 - -1432?
-413
In base 7, what is 441141 + -3?
441135
In base 15, what is -184de - -4?
-184da
In base 12, what is -5 - 77160?
-77165
In base 16, what is 4 + -3e75?
-3e71
In base 12, what is 2 + 73184?
73186
In base 6, what is 1305 - 115?
1150
In base 10, what is -1562 - -301?
-1261
In base 3, what is 11202122110 + -121?
11202121212
In base 9, what is 66723 + -2?
66721
In base 8, what is -1475 - 11104?
-12601
In base 13, what is -c88 - -686?
-602
In base 12, what is 38 + 259b?
2617
In base 5, what is 1202014 - -102?
1202121
In base 4, what is 33102 + -31032?
2010
In base 8, what is 10514 + -353?
10141
In base 8, what is -3736 + 200?
-3536
In base 7, what is -12 - 226250?
-226262
In base 15, what is 2 - -8c750?
8c752
In base 3, what is -11110102 - -11?
-11110021
In base 11, what is 5781 + 23?
57a4
In base 14, what is 3 + -976a?
-9767
In base 16, what is 2 + 7d0?
7d2
In base 16, what is -5 + 2936?
2931
In base 3, what is 12 + 1111011222?
1111012011
In base 11, what is 8821 + -18?
8804
In base 8, what is 176 + 5611?
6007
In base 9, what is -731 - 1482?
-2323
In base 7, what is 32601 - 6?
32562
In base 7, what is -2 - 1536023?
-1536025
In base 9, what is 1803718 + -4?
1803714
In base 14, what is -4cd - 52?
-541
In base 2, what is 1110001010101101 + -11?
1110001010101010
In base 14, what is -3 + -c2d56?
-c2d59
In base 14, what is 84 + -480?
-3da
In base 16, what is -1a887 + -5?
-1a88c
In base 9, what is 6712442 + -4?
6712437
In base 2, what is 1111010 + -11000110011011?
-11000100100001
In base 9, what is 711 - -55?
766
In base 11, what is -1354 - -471?
-993
In base 2, what is -1100 + -101000100010111010?
-101000100011000110
In base 7, what is 1133 - 24?
1106
In base 3, what is 22100210 + -1110?
22022100
In base 10, what is -2794 - -69?
-2725
In base 15, what is -339ae - a?
-339b9
In base 4, what is 30212332 + -11?
30212321
In base 13, what is -6 - -18440?
18437
In base 9, what is -1 - 5751?
-5752
In base 11, what is -20 + 49784?
49764
In base 10, what is 19 + -834?
-815
In base 6, what is -11 + -25302?
-25313
In base 8, what is -2 + 153156?
153154
In base 2, what is -111 - -110011001000?
110011000001
In base 5, what is -2041 - -231?
-1310
In base 8, what is -1177067 + 3?
-1177064
In base 2, what is 1 - 10101100110100?
-10101100110011
In base 4, what is 313 - -3023100?
3030013
In base 14, what is 2 - 4074?
-4072
In base 14, what is -3896 + d9?
-379b
In base 9, what is -23102 + 11?
-23081
In base 7, what is -11 + -1550514?
-1550525
In base 7, what is 0 + -53440?
-53440
In base 7, what is 3 + 5663?
5666
In base 6, what is 10013 + -22?
5551
In base 12, what is a44 - 37?
a09
In base 13, what is 35 - 122a4?
-1226c
In base 11, what is 8010 + 0?
8010
In base 5, what is 1140303 + -3?
1140300
In base 7, what is -1510 - -15?
-1462
In base 7, what is -4 - 1043044?
-1043051
In base 4, what is -212 + -233021?
-233233
In base 10, what is 2461 - -875?
3336
In base 11, what is 863 - 37?
827
In base 13, what is -16 + c965?
c94c
In base 11, what is -418 - 4?
-421
In base 13, what is -36bc50 - 2?
-36bc52
In base 8, what is -642 + -437?
-1301
In base 8, what is 36532 + -4?
36526
In base 8, what is 22 + -60170?
-60146
In base 11, what is -7 - -282?
276
In base 8, what is 123705 - 2?
123703
In base 6, what is -21 + -22004?
-22025
In base 14, what is 4 - 371b6?
-371b2
In base 5, what is -2231121 + -10?
-2231131
In base 2, what is 110 + 10011011100001?
10011011100111
In base 7, what is -535 - -15501?
14633
In base 11, what is -99413 - 3?
-99416
In base 12, what is 0 - -bb895?
bb895
In base 5, what is 43311212 + -1?
43311211
In base 12, what is 26 + 453?
479
In base 8, what is -11772 + -14?
-12006
In base 13, what is 1 - 2078b0?
-2078ac
In base 3, what is -101221120 - -100121?
-101120222
In base 5, what is -23 + 13322?
13244
In base 4, what is 203301310 - -1?
203301311
In base 16, what is -4f178 - -3?
-4f175
In base 15, what is 1378 + e4?
146c
In base 14, what is -3253 + 30?
-3223
In base 3, what is -1012120002211 + -2?
-1012120002220
In base 9, what is -3500772 - 1?
-3500773
In base 2, what is 100101010100 - -100001110?
101001100010
In base 4, what is -30213 + -21?
-30300
In base 7, what is -60 - -2156?
2066
In base 12, what is a8 - -28b2?
299a
In base 10, what is -1817 - 135?
-1952
In base 15, what is -8 - -215c?
2154
In base 4, what is -1113 + 32132?
31013
In base 4, what is -200102 - -133?
-133303
In base 16, what is 55d + 1a?
577
In base 14, what is -53 - c84?
-cd7
In base 15, what is d + -1931?
-1923
In base 13, what is 14a3a + 6?
14a43
In base 3, what is -10 + 21111202210?
21111202200
In base 12, what is 2 + 18b6a?
18b70
In base 16, what is -3f5 + -ec?
-4e1
In base 10, what is -4 + -101025?
-101029
In base 5, what is 2143143 - -1?
2143144
In base 14, what is 3 + -4cba?
-4cb7
In base 3, what is -11202201011 + -110?
-11202201121
In base 9, what is -43 + 523?
470
In base 6, what is 2 - 112334?
-112332
In base 2, what is -10011 - 1000110?
-1011001
In base 10, what is 49872 + -1?
49871
In base 6, what is -1 - 1054250?
-1054251
In base 2, what is 1 + -10011100110